{"id":8679,"date":"2026-03-04T15:26:45","date_gmt":"2026-03-04T14:26:45","guid":{"rendered":"https:\/\/wolfmond-production.de\/shop\/?post_type=product&#038;p=8679"},"modified":"2026-03-04T15:26:45","modified_gmt":"2026-03-04T14:26:45","slug":"kalmankantaja-vardan-split","status":"publish","type":"product","link":"https:\/\/wolfmond-production.de\/shop\/produkt\/kalmankantaja-vardan-split\/","title":{"rendered":"Kalmankantaja\/Vardan Split"},"content":{"rendered":"<p><img data-recalc-dims=\"1\" fetchpriority=\"high\" decoding=\"async\" class=\"alignnone size-medium wp-image-8680\" src=\"https:\/\/i0.wp.com\/wolfmond-production.de\/shop\/wp-content\/uploads\/2026\/03\/IMG_0925.jpg?resize=300%2C281&#038;ssl=1\" alt=\"\" width=\"300\" height=\"281\" srcset=\"https:\/\/i0.wp.com\/wolfmond-production.de\/shop\/wp-content\/uploads\/2026\/03\/IMG_0925-scaled.jpg?resize=300%2C281&amp;ssl=1 300w, https:\/\/i0.wp.com\/wolfmond-production.de\/shop\/wp-content\/uploads\/2026\/03\/IMG_0925-scaled.jpg?resize=1024%2C958&amp;ssl=1 1024w, https:\/\/i0.wp.com\/wolfmond-production.de\/shop\/wp-content\/uploads\/2026\/03\/IMG_0925-scaled.jpg?resize=768%2C718&amp;ssl=1 768w, https:\/\/i0.wp.com\/wolfmond-production.de\/shop\/wp-content\/uploads\/2026\/03\/IMG_0925-scaled.jpg?resize=1536%2C1436&amp;ssl=1 1536w, https:\/\/i0.wp.com\/wolfmond-production.de\/shop\/wp-content\/uploads\/2026\/03\/IMG_0925-scaled.jpg?resize=2048%2C1915&amp;ssl=1 2048w, https:\/\/i0.wp.com\/wolfmond-production.de\/shop\/wp-content\/uploads\/2026\/03\/IMG_0925-scaled.jpg?resize=210%2C196&amp;ssl=1 210w, https:\/\/i0.wp.com\/wolfmond-production.de\/shop\/wp-content\/uploads\/2026\/03\/IMG_0925-scaled.jpg?resize=1960%2C1833&amp;ssl=1 1960w, https:\/\/i0.wp.com\/wolfmond-production.de\/shop\/wp-content\/uploads\/2026\/03\/IMG_0925-scaled.jpg?resize=600%2C561&amp;ssl=1 600w\" sizes=\"(max-width: 300px) 100vw, 300px\" \/><\/p>\n","protected":false},"excerpt":{"rendered":"<p>Atmospheric Black Metal From Finland<\/p>\n<p>Black Metal From Italy<\/p>\n<p>Digipak Limited To 300 Copies<\/p>\n<p>https:\/\/www.youtube.com\/watch?v=W68UiK6nPxE<\/p>\n<p>Hersteller\/Vertreter<\/p>\n<p>Hammerbund<\/p>\n<p>Franz-Petrich-Str.60d<\/p>\n<p>07546 Gera<\/p>\n","protected":false},"featured_media":8680,"comment_status":"open","ping_status":"closed","template":"","meta":{"_uf_show_specific_survey":0,"_uf_disable_surveys":false,"jetpack_post_was_ever_published":false,"jetpack_publicize_message":"","jetpack_publicize_feature_enabled":true,"jetpack_social_post_already_shared":true,"jetpack_social_options":{"image_generator_settings":{"template":"highway","default_image_id":0,"font":"","enabled":false},"version":2}},"product_brand":[],"product_cat":[25],"product_tag":[],"class_list":{"0":"post-8679","1":"product","2":"type-product","3":"status-publish","4":"has-post-thumbnail","6":"product_cat-cd","8":"first","9":"instock","10":"shipping-taxable","11":"purchasable","12":"product-type-simple"},"aioseo_notices":[],"jetpack_publicize_connections":[],"jetpack-related-posts":[{"id":5589,"url":"https:\/\/wolfmond-production.de\/shop\/produkt\/anti-life-black-metal-contra-voce-black-metal-against-you\/","url_meta":{"origin":8679,"position":0},"title":"Anti Life &#8211; Black Metal Contra Voc\u00ea! (Black Metal Against You!)","author":"F4uSR_285","date":"8. Juni 2024","format":false,"excerpt":"Black Metal From Brazil CD Limited To 500 Copies https:\/\/www.youtube.com\/watch?v=Y1cdr1FJzcY","rel":"","context":"\u00c4hnlicher Beitrag","block_context":{"text":"\u00c4hnlicher Beitrag","link":""},"img":{"alt_text":"","src":"https:\/\/i0.wp.com\/wolfmond-production.de\/shop\/wp-content\/uploads\/2024\/06\/Anti-Life-Black-Metal-Contra-Voce.jpeg?resize=350%2C200&ssl=1","width":350,"height":200},"classes":[]},{"id":5131,"url":"https:\/\/wolfmond-production.de\/shop\/produkt\/insanis-black-metal-marginals\/","url_meta":{"origin":8679,"position":1},"title":"Insanis &#8211; Black Metal Marginals","author":"F4uSR_285","date":"27. M\u00e4rz 2024","format":false,"excerpt":"Black Metal From Russia https:\/\/www.youtube.com\/watch?v=KKvBqR2F5Ws","rel":"","context":"\u00c4hnlicher Beitrag","block_context":{"text":"\u00c4hnlicher Beitrag","link":""},"img":{"alt_text":"","src":"https:\/\/i0.wp.com\/wolfmond-production.de\/shop\/wp-content\/uploads\/2024\/03\/Insanis-Black-Metal-Marginals.jpeg?resize=350%2C200&ssl=1","width":350,"height":200},"classes":[]},{"id":6353,"url":"https:\/\/wolfmond-production.de\/shop\/produkt\/black-boat-macabre-metal\/","url_meta":{"origin":8679,"position":2},"title":"Black Goat &#8211; Macabre Metal","author":"F4uSR_285","date":"23. Oktober 2024","format":false,"excerpt":"Black Metal From Russia CD Limited To 300 Copies \u00a0","rel":"","context":"\u00c4hnlicher Beitrag","block_context":{"text":"\u00c4hnlicher Beitrag","link":""},"img":{"alt_text":"","src":"https:\/\/i0.wp.com\/wolfmond-production.de\/shop\/wp-content\/uploads\/2024\/10\/Black-Goat-Macabre-Metal.jpg?resize=350%2C200&ssl=1","width":350,"height":200},"classes":[]},{"id":1070,"url":"https:\/\/wolfmond-production.de\/shop\/produkt\/mornie-utulie-darlament-norvadian-atmospheric-black-metal\/","url_meta":{"origin":8679,"position":3},"title":"Morn\u00ed\u00eb Utul\u00ed\u00eb &#8211; Darlament Norvadian Atmospheric Black Metal","author":"F4uSR_285","date":"3. Juli 2021","format":false,"excerpt":"Atmospheric Black Metal\/Black Metal From Poland and El Salvador CDr Limited To 100 Copies Full Split: https:\/\/www.youtube.com\/watch?v=o5WA1sN6Dtk&t=7s","rel":"","context":"\u00c4hnlicher Beitrag","block_context":{"text":"\u00c4hnlicher Beitrag","link":""},"img":{"alt_text":"","src":"https:\/\/i0.wp.com\/wolfmond-production.de\/shop\/wp-content\/uploads\/2021\/07\/4940ab5e-6812-4272-a78c-7cc1c15c1c66.png?fit=1200%2C800&ssl=1&resize=350%2C200","width":350,"height":200,"srcset":"https:\/\/i0.wp.com\/wolfmond-production.de\/shop\/wp-content\/uploads\/2021\/07\/4940ab5e-6812-4272-a78c-7cc1c15c1c66.png?fit=1200%2C800&ssl=1&resize=350%2C200 1x, https:\/\/i0.wp.com\/wolfmond-production.de\/shop\/wp-content\/uploads\/2021\/07\/4940ab5e-6812-4272-a78c-7cc1c15c1c66.png?fit=1200%2C800&ssl=1&resize=525%2C300 1.5x, https:\/\/i0.wp.com\/wolfmond-production.de\/shop\/wp-content\/uploads\/2021\/07\/4940ab5e-6812-4272-a78c-7cc1c15c1c66.png?fit=1200%2C800&ssl=1&resize=700%2C400 2x, https:\/\/i0.wp.com\/wolfmond-production.de\/shop\/wp-content\/uploads\/2021\/07\/4940ab5e-6812-4272-a78c-7cc1c15c1c66.png?fit=1200%2C800&ssl=1&resize=1050%2C600 3x"},"classes":[]},{"id":5134,"url":"https:\/\/wolfmond-production.de\/shop\/produkt\/angelcide-black-metal-terrorism\/","url_meta":{"origin":8679,"position":4},"title":"Angelcide &#8211; Black Metal Terrorism","author":"F4uSR_285","date":"27. M\u00e4rz 2024","format":false,"excerpt":"Blackened Death Metal From USA CD Limited To 500 Copies https:\/\/www.youtube.com\/watch?v=-kpXQORrseU","rel":"","context":"\u00c4hnlicher Beitrag","block_context":{"text":"\u00c4hnlicher Beitrag","link":""},"img":{"alt_text":"","src":"https:\/\/i0.wp.com\/wolfmond-production.de\/shop\/wp-content\/uploads\/2024\/03\/Angelcide-Black-Metal-Terrorism.jpeg?resize=350%2C200&ssl=1","width":350,"height":200},"classes":[]},{"id":7592,"url":"https:\/\/wolfmond-production.de\/shop\/produkt\/old-pagan-this-is-saarland-black-metal-ep\/","url_meta":{"origin":8679,"position":5},"title":"Old Pagan &#8211; This Is Saarland Black Metal EP","author":"F4uSR_285","date":"6. September 2025","format":false,"excerpt":"Black Metal From Germany CD Limited To 500 Copies https:\/\/www.youtube.com\/watch?v=crdTt9zYPMI","rel":"","context":"\u00c4hnlicher Beitrag","block_context":{"text":"\u00c4hnlicher Beitrag","link":""},"img":{"alt_text":"","src":"https:\/\/i0.wp.com\/wolfmond-production.de\/shop\/wp-content\/uploads\/2025\/09\/Old-Pagan-This-Is-Saarland-Black-Metal.jpg?resize=350%2C200&ssl=1","width":350,"height":200},"classes":[]}],"jetpack_sharing_enabled":true,"_links":{"self":[{"href":"https:\/\/wolfmond-production.de\/shop\/wp-json\/wp\/v2\/product\/8679","targetHints":{"allow":["GET"]}}],"collection":[{"href":"https:\/\/wolfmond-production.de\/shop\/wp-json\/wp\/v2\/product"}],"about":[{"href":"https:\/\/wolfmond-production.de\/shop\/wp-json\/wp\/v2\/types\/product"}],"replies":[{"embeddable":true,"href":"https:\/\/wolfmond-production.de\/shop\/wp-json\/wp\/v2\/comments?post=8679"}],"version-history":[{"count":1,"href":"https:\/\/wolfmond-production.de\/shop\/wp-json\/wp\/v2\/product\/8679\/revisions"}],"predecessor-version":[{"id":8681,"href":"https:\/\/wolfmond-production.de\/shop\/wp-json\/wp\/v2\/product\/8679\/revisions\/8681"}],"wp:featuredmedia":[{"embeddable":true,"href":"https:\/\/wolfmond-production.de\/shop\/wp-json\/wp\/v2\/media\/8680"}],"wp:attachment":[{"href":"https:\/\/wolfmond-production.de\/shop\/wp-json\/wp\/v2\/media?parent=8679"}],"wp:term":[{"taxonomy":"product_brand","embeddable":true,"href":"https:\/\/wolfmond-production.de\/shop\/wp-json\/wp\/v2\/product_brand?post=8679"},{"taxonomy":"product_cat","embeddable":true,"href":"https:\/\/wolfmond-production.de\/shop\/wp-json\/wp\/v2\/product_cat?post=8679"},{"taxonomy":"product_tag","embeddable":true,"href":"https:\/\/wolfmond-production.de\/shop\/wp-json\/wp\/v2\/product_tag?post=8679"}],"curies":[{"name":"wp","href":"https:\/\/api.w.org\/{rel}","templated":true}]}}